{"id":621,"date":"2016-05-11T06:06:32","date_gmt":"2016-05-11T06:06:32","guid":{"rendered":"http:\/\/www.waituk.com\/entrada\/modern\/product\/hiking-trip-to-mountain\/"},"modified":"2022-01-27T19:08:31","modified_gmt":"2022-01-27T19:08:31","slug":"mountain-hiking-tour","status":"publish","type":"product","link":"https:\/\/luisdonyel.com\/viajes\/producto\/mountain-hiking-tour\/","title":{"rendered":"Expedici\u00f3n De Volcanes En Guatemala"},"content":{"rendered":"<p><span style=\"font-weight: 400;\">En Expedici\u00f3n de Volcanes vas a conquistar los mejores volcanes en Guatemala, dormir\u00e1s bajo las estrellas y vivir\u00e1s un espectacular recorrido en Kayak. <\/span><\/p>\n","protected":false},"excerpt":{"rendered":"<p>En Expedici\u00f3n de Volcanes vas a conquistar los mejores volcanes en Guatemala, dormir\u00e1s bajo las estrellas y vivir\u00e1s un espectacular recorrido en Kayak.<\/p>\n","protected":false},"featured_media":6489,"comment_status":"open","ping_status":"closed","template":"","meta":{"om_disable_all_campaigns":false,"_monsterinsights_skip_tracking":false,"_monsterinsights_sitenote_active":false,"_monsterinsights_sitenote_note":"","_monsterinsights_sitenote_category":0},"product_cat":[81],"product_tag":[],"_links":{"self":[{"href":"https:\/\/luisdonyel.com\/viajes\/wp-json\/wp\/v2\/product\/621"}],"collection":[{"href":"https:\/\/luisdonyel.com\/viajes\/wp-json\/wp\/v2\/product"}],"about":[{"href":"https:\/\/luisdonyel.com\/viajes\/wp-json\/wp\/v2\/types\/product"}],"replies":[{"embeddable":true,"href":"https:\/\/luisdonyel.com\/viajes\/wp-json\/wp\/v2\/comments?post=621"}],"wp:featuredmedia":[{"embeddable":true,"href":"https:\/\/luisdonyel.com\/viajes\/wp-json\/wp\/v2\/media\/6489"}],"wp:attachment":[{"href":"https:\/\/luisdonyel.com\/viajes\/wp-json\/wp\/v2\/media?parent=621"}],"wp:term":[{"taxonomy":"product_cat","embeddable":true,"href":"https:\/\/luisdonyel.com\/viajes\/wp-json\/wp\/v2\/product_cat?post=621"},{"taxonomy":"product_tag","embeddable":true,"href":"https:\/\/luisdonyel.com\/viajes\/wp-json\/wp\/v2\/product_tag?post=621"}],"curies":[{"name":"wp","href":"https:\/\/api.w.org\/{rel}","templated":true}]}}