{"id":5865,"date":"2021-12-08T18:31:45","date_gmt":"2021-12-08T18:31:45","guid":{"rendered":"https:\/\/luisdonyel.com\/viajes\/?post_type=product&#038;p=5865"},"modified":"2022-01-27T20:49:21","modified_gmt":"2022-01-27T20:49:21","slug":"japon-tradicion-y-tecnologia","status":"publish","type":"product","link":"https:\/\/luisdonyel.com\/viajes\/producto\/japon-tradicion-y-tecnologia\/","title":{"rendered":"Jap\u00f3n, Tradici\u00f3n y Tecnolog\u00eda"},"content":{"rendered":"<p><span style=\"font-weight: 400;\">En Jap\u00f3n, vivir\u00e1s la mejor combinaci\u00f3n entre cultura, tradici\u00f3n y alta tecnolog\u00eda, te adentraras en grandes templos y monumentos\u00a0 y disfrutaras de la experiencia del tren bala.<\/span><\/p>\n","protected":false},"excerpt":{"rendered":"<p>En Jap\u00f3n, vivir\u00e1s la mejor combinaci\u00f3n entre cultura, tradici\u00f3n y alta tecnolog\u00eda, te adentraras en grandes templos y monumentos\u00a0 y disfrutaras de la experiencia del tren bala.<\/p>\n","protected":false},"featured_media":6644,"comment_status":"open","ping_status":"closed","template":"","meta":{"om_disable_all_campaigns":false,"_monsterinsights_skip_tracking":false,"_monsterinsights_sitenote_active":false,"_monsterinsights_sitenote_note":"","_monsterinsights_sitenote_category":0},"product_cat":[49],"product_tag":[],"_links":{"self":[{"href":"https:\/\/luisdonyel.com\/viajes\/wp-json\/wp\/v2\/product\/5865"}],"collection":[{"href":"https:\/\/luisdonyel.com\/viajes\/wp-json\/wp\/v2\/product"}],"about":[{"href":"https:\/\/luisdonyel.com\/viajes\/wp-json\/wp\/v2\/types\/product"}],"replies":[{"embeddable":true,"href":"https:\/\/luisdonyel.com\/viajes\/wp-json\/wp\/v2\/comments?post=5865"}],"wp:featuredmedia":[{"embeddable":true,"href":"https:\/\/luisdonyel.com\/viajes\/wp-json\/wp\/v2\/media\/6644"}],"wp:attachment":[{"href":"https:\/\/luisdonyel.com\/viajes\/wp-json\/wp\/v2\/media?parent=5865"}],"wp:term":[{"taxonomy":"product_cat","embeddable":true,"href":"https:\/\/luisdonyel.com\/viajes\/wp-json\/wp\/v2\/product_cat?post=5865"},{"taxonomy":"product_tag","embeddable":true,"href":"https:\/\/luisdonyel.com\/viajes\/wp-json\/wp\/v2\/product_tag?post=5865"}],"curies":[{"name":"wp","href":"https:\/\/api.w.org\/{rel}","templated":true}]}}