{"id":539,"date":"2016-05-05T19:01:34","date_gmt":"2016-05-05T19:01:34","guid":{"rendered":"http:\/\/www.waituk.com\/entrada\/modern\/product\/its-a-jungle-out-there\/"},"modified":"2022-01-27T19:30:47","modified_gmt":"2022-01-27T19:30:47","slug":"its-a-jungle-out-there","status":"publish","type":"product","link":"https:\/\/luisdonyel.com\/viajes\/producto\/its-a-jungle-out-there\/","title":{"rendered":"Per\u00fa Gastron\u00f3mico"},"content":{"rendered":"<p><span style=\"font-weight: 400;\">En Per\u00fa gastron\u00f3mico vivir\u00e1s la experiencia de preparar comida peruana en varias regiones y deleitarte con sabores incre\u00edbles as\u00ed como conocer un poco m\u00e1s de su cultura.\u00a0<\/span><\/p>\n<p>&nbsp;<\/p>\n<p>&nbsp;<\/p>\n","protected":false},"excerpt":{"rendered":"<p><span style=\"font-weight: 400;\">En Per\u00fa gastron\u00f3mico vivir\u00e1s la experiencia de preparar comida peruana en varias regiones y deleitarte con sabores incre\u00edbles as\u00ed como conocer un poco m\u00e1s de su cultura.\u00a0<\/span><\/p>\n","protected":false},"featured_media":6538,"comment_status":"open","ping_status":"closed","template":"","meta":{"om_disable_all_campaigns":false,"_monsterinsights_skip_tracking":false,"_monsterinsights_sitenote_active":false,"_monsterinsights_sitenote_note":"","_monsterinsights_sitenote_category":0},"product_cat":[92],"product_tag":[],"_links":{"self":[{"href":"https:\/\/luisdonyel.com\/viajes\/wp-json\/wp\/v2\/product\/539"}],"collection":[{"href":"https:\/\/luisdonyel.com\/viajes\/wp-json\/wp\/v2\/product"}],"about":[{"href":"https:\/\/luisdonyel.com\/viajes\/wp-json\/wp\/v2\/types\/product"}],"replies":[{"embeddable":true,"href":"https:\/\/luisdonyel.com\/viajes\/wp-json\/wp\/v2\/comments?post=539"}],"wp:featuredmedia":[{"embeddable":true,"href":"https:\/\/luisdonyel.com\/viajes\/wp-json\/wp\/v2\/media\/6538"}],"wp:attachment":[{"href":"https:\/\/luisdonyel.com\/viajes\/wp-json\/wp\/v2\/media?parent=539"}],"wp:term":[{"taxonomy":"product_cat","embeddable":true,"href":"https:\/\/luisdonyel.com\/viajes\/wp-json\/wp\/v2\/product_cat?post=539"},{"taxonomy":"product_tag","embeddable":true,"href":"https:\/\/luisdonyel.com\/viajes\/wp-json\/wp\/v2\/product_tag?post=539"}],"curies":[{"name":"wp","href":"https:\/\/api.w.org\/{rel}","templated":true}]}}