{"id":475,"date":"2016-05-04T07:56:25","date_gmt":"2016-05-04T07:56:25","guid":{"rendered":"http:\/\/www.waituk.com\/entrada\/modern\/product\/trip-to-white-castle\/"},"modified":"2022-01-27T19:46:48","modified_gmt":"2022-01-27T19:46:48","slug":"trip-to-white-castle","status":"publish","type":"product","link":"https:\/\/luisdonyel.com\/viajes\/producto\/trip-to-white-castle\/","title":{"rendered":"Descanso y diversi\u00f3n junto al mar en Punta Cana"},"content":{"rendered":"<p><span style=\"font-weight: 400;\">En Punta Cana vivir\u00e1s d\u00edas de relajaci\u00f3n frente al mar o en las piscinas, as\u00ed como tendr\u00e1s d\u00edas llenos de actividades extremas.\u00a0<\/span><\/p>\n","protected":false},"excerpt":{"rendered":"<p>&nbsp;<\/p>\n<p>&nbsp;<\/p>\n","protected":false},"featured_media":6585,"comment_status":"open","ping_status":"closed","template":"","meta":{"om_disable_all_campaigns":false,"_monsterinsights_skip_tracking":false,"_monsterinsights_sitenote_active":false,"_monsterinsights_sitenote_note":"","_monsterinsights_sitenote_category":0},"product_cat":[102],"product_tag":[],"_links":{"self":[{"href":"https:\/\/luisdonyel.com\/viajes\/wp-json\/wp\/v2\/product\/475"}],"collection":[{"href":"https:\/\/luisdonyel.com\/viajes\/wp-json\/wp\/v2\/product"}],"about":[{"href":"https:\/\/luisdonyel.com\/viajes\/wp-json\/wp\/v2\/types\/product"}],"replies":[{"embeddable":true,"href":"https:\/\/luisdonyel.com\/viajes\/wp-json\/wp\/v2\/comments?post=475"}],"wp:featuredmedia":[{"embeddable":true,"href":"https:\/\/luisdonyel.com\/viajes\/wp-json\/wp\/v2\/media\/6585"}],"wp:attachment":[{"href":"https:\/\/luisdonyel.com\/viajes\/wp-json\/wp\/v2\/media?parent=475"}],"wp:term":[{"taxonomy":"product_cat","embeddable":true,"href":"https:\/\/luisdonyel.com\/viajes\/wp-json\/wp\/v2\/product_cat?post=475"},{"taxonomy":"product_tag","embeddable":true,"href":"https:\/\/luisdonyel.com\/viajes\/wp-json\/wp\/v2\/product_tag?post=475"}],"curies":[{"name":"wp","href":"https:\/\/api.w.org\/{rel}","templated":true}]}}