{"id":7874,"date":"2022-03-01T20:49:54","date_gmt":"2022-03-01T20:49:54","guid":{"rendered":"https:\/\/luisdonyel.com\/viajes\/?page_id=7874"},"modified":"2022-03-01T21:06:35","modified_gmt":"2022-03-01T21:06:35","slug":"yates-y-veleros","status":"publish","type":"page","link":"https:\/\/luisdonyel.com\/viajes\/yates-y-veleros\/","title":{"rendered":"Yates y Veleros"},"content":{"rendered":"\t\t<div data-elementor-type=\"wp-page\" data-elementor-id=\"7874\" class=\"elementor elementor-7874\" data-elementor-settings=\"[]\">\n\t\t\t\t\t\t\t<div class=\"elementor-section-wrap\">\n\t\t\t\t\t\t\t<section class=\"elementor-section elementor-top-section elementor-element elementor-element-b946026 elementor-section-content-middle elementor-reverse-mobile elementor-section-boxed elementor-section-height-default elementor-section-height-default\" data-id=\"b946026\" data-element_type=\"section\">\n\t\t\t\t\t\t<div class=\"elementor-container elementor-column-gap-no\">\n\t\t\t\t\t<div class=\"elementor-column elementor-col-50 elementor-top-column elementor-element elementor-element-361ade7\" data-id=\"361ade7\" data-element_type=\"column\">\n\t\t\t<div class=\"elementor-widget-wrap elementor-element-populated\">\n\t\t\t\t\t\t\t\t<div class=\"elementor-element elementor-element-b72dc87 elementor-widget elementor-widget-text-editor\" data-id=\"b72dc87\" data-element_type=\"widget\" data-widget_type=\"text-editor.default\">\n\t\t\t\t<div class=\"elementor-widget-container\">\n\t\t\t<style>\/*! elementor - v3.5.6 - 28-02-2022 *\/\n.elementor-widget-text-editor.elementor-drop-cap-view-stacked .elementor-drop-cap{background-color:#818a91;color:#fff}.elementor-widget-text-editor.elementor-drop-cap-view-framed .elementor-drop-cap{color:#818a91;border:3px solid;background-color:transparent}.elementor-widget-text-editor:not(.elementor-drop-cap-view-default) .elementor-drop-cap{margin-top:8px}.elementor-widget-text-editor:not(.elementor-drop-cap-view-default) .elementor-drop-cap-letter{width:1em;height:1em}.elementor-widget-text-editor .elementor-drop-cap{float:left;text-align:center;line-height:1;font-size:50px}.elementor-widget-text-editor .elementor-drop-cap-letter{display:inline-block}<\/style>\t\t\t\t<p>Cruceros<\/p>\t\t\t\t\t\t<\/div>\n\t\t\t\t<\/div>\n\t\t\t\t<div class=\"elementor-element elementor-element-bebce27 elementor-widget elementor-widget-heading\" data-id=\"bebce27\" data-element_type=\"widget\" data-widget_type=\"heading.default\">\n\t\t\t\t<div class=\"elementor-widget-container\">\n\t\t\t<style>\/*! elementor - v3.5.6 - 28-02-2022 *\/\n.elementor-heading-title{padding:0;margin:0;line-height:1}.elementor-widget-heading .elementor-heading-title[class*=elementor-size-]>a{color:inherit;font-size:inherit;line-height:inherit}.elementor-widget-heading .elementor-heading-title.elementor-size-small{font-size:15px}.elementor-widget-heading .elementor-heading-title.elementor-size-medium{font-size:19px}.elementor-widget-heading .elementor-heading-title.elementor-size-large{font-size:29px}.elementor-widget-heading .elementor-heading-title.elementor-size-xl{font-size:39px}.elementor-widget-heading .elementor-heading-title.elementor-size-xxl{font-size:59px}<\/style><h4 class=\"elementor-heading-title elementor-size-default\">Yates y Veleros<\/h4>\t\t<\/div>\n\t\t\t\t<\/div>\n\t\t\t\t<div class=\"elementor-element elementor-element-c0c6af9 elementor-widget elementor-widget-text-editor\" data-id=\"c0c6af9\" data-element_type=\"widget\" data-widget_type=\"text-editor.default\">\n\t\t\t\t<div class=\"elementor-widget-container\">\n\t\t\t\t\t\t\t<p>Los pasajeros podr\u00e1n disfrutar de un ambiente relajado con una tripulaci\u00f3n amigable, sin una agenda r\u00edgida ni un c\u00f3digo de vestimenta formal. Comida internacional recomendado para los amantes de los deportes acu\u00e1ticos.<\/p>\t\t\t\t\t\t<\/div>\n\t\t\t\t<\/div>\n\t\t\t\t\t<\/div>\n\t\t<\/div>\n\t\t\t\t<div class=\"elementor-column elementor-col-50 elementor-top-column elementor-element elementor-element-3b0f6a8\" data-id=\"3b0f6a8\" data-element_type=\"column\">\n\t\t\t<div class=\"elementor-widget-wrap elementor-element-populated\">\n\t\t\t\t\t\t\t\t<div class=\"elementor-element elementor-element-e904702 elementor-widget elementor-widget-image\" data-id=\"e904702\" data-element_type=\"widget\" data-widget_type=\"image.default\">\n\t\t\t\t<div class=\"elementor-widget-container\">\n\t\t\t<style>\/*! elementor - v3.5.6 - 28-02-2022 *\/\n.elementor-widget-image{text-align:center}.elementor-widget-image a{display:inline-block}.elementor-widget-image a img[src$=\".svg\"]{width:48px}.elementor-widget-image img{vertical-align:middle;display:inline-block}<\/style>\t\t\t\t\t\t\t\t\t\t\t\t<img width=\"1350\" height=\"900\" src=\"https:\/\/luisdonyel.com\/viajes\/wp-content\/uploads\/2022\/03\/large_3031375.jpg\" class=\"attachment-full size-full\" alt=\"\" loading=\"lazy\" srcset=\"https:\/\/luisdonyel.com\/viajes\/wp-content\/uploads\/2022\/03\/large_3031375.jpg 1350w, https:\/\/luisdonyel.com\/viajes\/wp-content\/uploads\/2022\/03\/large_3031375-300x200.jpg 300w, https:\/\/luisdonyel.com\/viajes\/wp-content\/uploads\/2022\/03\/large_3031375-1024x683.jpg 1024w, https:\/\/luisdonyel.com\/viajes\/wp-content\/uploads\/2022\/03\/large_3031375-768x512.jpg 768w, https:\/\/luisdonyel.com\/viajes\/wp-content\/uploads\/2022\/03\/large_3031375-600x400.jpg 600w\" sizes=\"(max-width: 1350px) 100vw, 1350px\" \/>\t\t\t\t\t\t\t\t\t\t\t\t\t\t\t<\/div>\n\t\t\t\t<\/div>\n\t\t\t\t\t<\/div>\n\t\t<\/div>\n\t\t\t\t\t\t\t<\/div>\n\t\t<\/section>\n\t\t\t\t<section class=\"elementor-section elementor-top-section elementor-element elementor-element-8aa2464 elementor-section-content-middle elementor-section-boxed elementor-section-height-default elementor-section-height-default\" data-id=\"8aa2464\" data-element_type=\"section\">\n\t\t\t\t\t\t<div class=\"elementor-container elementor-column-gap-no\">\n\t\t\t\t\t<div class=\"elementor-column elementor-col-100 elementor-top-column elementor-element elementor-element-b068621\" data-id=\"b068621\" data-element_type=\"column\">\n\t\t\t<div class=\"elementor-widget-wrap elementor-element-populated\">\n\t\t\t\t\t\t\t\t<section class=\"elementor-section elementor-inner-section elementor-element elementor-element-b5269f1 elementor-section-boxed elementor-section-height-default elementor-section-height-default\" data-id=\"b5269f1\" data-element_type=\"section\">\n\t\t\t\t\t\t<div class=\"elementor-container elementor-column-gap-default\">\n\t\t\t\t\t<div class=\"elementor-column elementor-col-33 elementor-inner-column elementor-element elementor-element-c2941b8\" data-id=\"c2941b8\" data-element_type=\"column\" data-settings=\"{&quot;background_background&quot;:&quot;classic&quot;}\">\n\t\t\t<div class=\"elementor-widget-wrap elementor-element-populated\">\n\t\t\t\t\t\t\t\t<div class=\"elementor-element elementor-element-4034a06 elementor-widget elementor-widget-image\" data-id=\"4034a06\" data-element_type=\"widget\" data-widget_type=\"image.default\">\n\t\t\t\t<div class=\"elementor-widget-container\">\n\t\t\t\t\t\t\t\t\t\t\t\t\t\t\t<img width=\"900\" height=\"800\" src=\"https:\/\/luisdonyel.com\/viajes\/wp-content\/uploads\/2022\/03\/crystal-1.png\" class=\"elementor-animation-grow attachment-full size-full\" alt=\"\" loading=\"lazy\" srcset=\"https:\/\/luisdonyel.com\/viajes\/wp-content\/uploads\/2022\/03\/crystal-1.png 900w, https:\/\/luisdonyel.com\/viajes\/wp-content\/uploads\/2022\/03\/crystal-1-300x267.png 300w, https:\/\/luisdonyel.com\/viajes\/wp-content\/uploads\/2022\/03\/crystal-1-768x683.png 768w, https:\/\/luisdonyel.com\/viajes\/wp-content\/uploads\/2022\/03\/crystal-1-600x533.png 600w\" sizes=\"(max-width: 900px) 100vw, 900px\" \/>\t\t\t\t\t\t\t\t\t\t\t\t\t\t\t<\/div>\n\t\t\t\t<\/div>\n\t\t\t\t\t<\/div>\n\t\t<\/div>\n\t\t\t\t<div class=\"elementor-column elementor-col-33 elementor-inner-column elementor-element elementor-element-43e73d8\" data-id=\"43e73d8\" data-element_type=\"column\" data-settings=\"{&quot;background_background&quot;:&quot;classic&quot;}\">\n\t\t\t<div class=\"elementor-widget-wrap elementor-element-populated\">\n\t\t\t\t\t\t\t\t<div class=\"elementor-element elementor-element-5d41e6b elementor-widget elementor-widget-image\" data-id=\"5d41e6b\" data-element_type=\"widget\" data-widget_type=\"image.default\">\n\t\t\t\t<div class=\"elementor-widget-container\">\n\t\t\t\t\t\t\t\t\t\t\t\t\t\t\t<img width=\"900\" height=\"800\" src=\"https:\/\/luisdonyel.com\/viajes\/wp-content\/uploads\/2022\/03\/click.png\" class=\"elementor-animation-grow attachment-full size-full\" alt=\"\" loading=\"lazy\" srcset=\"https:\/\/luisdonyel.com\/viajes\/wp-content\/uploads\/2022\/03\/click.png 900w, https:\/\/luisdonyel.com\/viajes\/wp-content\/uploads\/2022\/03\/click-300x267.png 300w, https:\/\/luisdonyel.com\/viajes\/wp-content\/uploads\/2022\/03\/click-768x683.png 768w, https:\/\/luisdonyel.com\/viajes\/wp-content\/uploads\/2022\/03\/click-600x533.png 600w\" sizes=\"(max-width: 900px) 100vw, 900px\" \/>\t\t\t\t\t\t\t\t\t\t\t\t\t\t\t<\/div>\n\t\t\t\t<\/div>\n\t\t\t\t\t<\/div>\n\t\t<\/div>\n\t\t\t\t<div class=\"elementor-column elementor-col-33 elementor-inner-column elementor-element elementor-element-ff708bc\" data-id=\"ff708bc\" data-element_type=\"column\" data-settings=\"{&quot;background_background&quot;:&quot;classic&quot;}\">\n\t\t\t<div class=\"elementor-widget-wrap elementor-element-populated\">\n\t\t\t\t\t\t\t\t<div class=\"elementor-element elementor-element-8370de4 elementor-widget elementor-widget-image\" data-id=\"8370de4\" data-element_type=\"widget\" data-widget_type=\"image.default\">\n\t\t\t\t<div class=\"elementor-widget-container\">\n\t\t\t\t\t\t\t\t\t\t\t\t\t\t\t<img width=\"900\" height=\"800\" src=\"https:\/\/luisdonyel.com\/viajes\/wp-content\/uploads\/2022\/03\/emerald-1.png\" class=\"elementor-animation-grow attachment-full size-full\" alt=\"\" loading=\"lazy\" srcset=\"https:\/\/luisdonyel.com\/viajes\/wp-content\/uploads\/2022\/03\/emerald-1.png 900w, https:\/\/luisdonyel.com\/viajes\/wp-content\/uploads\/2022\/03\/emerald-1-300x267.png 300w, https:\/\/luisdonyel.com\/viajes\/wp-content\/uploads\/2022\/03\/emerald-1-768x683.png 768w, https:\/\/luisdonyel.com\/viajes\/wp-content\/uploads\/2022\/03\/emerald-1-600x533.png 600w\" sizes=\"(max-width: 900px) 100vw, 900px\" \/>\t\t\t\t\t\t\t\t\t\t\t\t\t\t\t<\/div>\n\t\t\t\t<\/div>\n\t\t\t\t\t<\/div>\n\t\t<\/div>\n\t\t\t\t\t\t\t<\/div>\n\t\t<\/section>\n\t\t\t\t<section class=\"elementor-section elementor-inner-section elementor-element elementor-element-a1a2a5b elementor-section-boxed elementor-section-height-default elementor-section-height-default\" data-id=\"a1a2a5b\" data-element_type=\"section\">\n\t\t\t\t\t\t<div class=\"elementor-container elementor-column-gap-default\">\n\t\t\t\t\t<div class=\"elementor-column elementor-col-33 elementor-inner-column elementor-element elementor-element-36bb3c2\" data-id=\"36bb3c2\" data-element_type=\"column\" data-settings=\"{&quot;background_background&quot;:&quot;classic&quot;}\">\n\t\t\t<div class=\"elementor-widget-wrap elementor-element-populated\">\n\t\t\t\t\t\t\t\t<div class=\"elementor-element elementor-element-438769a elementor-widget elementor-widget-image\" data-id=\"438769a\" data-element_type=\"widget\" data-widget_type=\"image.default\">\n\t\t\t\t<div class=\"elementor-widget-container\">\n\t\t\t\t\t\t\t\t\t\t\t\t\t\t\t<img width=\"900\" height=\"800\" src=\"https:\/\/luisdonyel.com\/viajes\/wp-content\/uploads\/2022\/03\/katarina.png\" class=\"elementor-animation-grow attachment-full size-full\" alt=\"\" loading=\"lazy\" srcset=\"https:\/\/luisdonyel.com\/viajes\/wp-content\/uploads\/2022\/03\/katarina.png 900w, https:\/\/luisdonyel.com\/viajes\/wp-content\/uploads\/2022\/03\/katarina-300x267.png 300w, https:\/\/luisdonyel.com\/viajes\/wp-content\/uploads\/2022\/03\/katarina-768x683.png 768w, https:\/\/luisdonyel.com\/viajes\/wp-content\/uploads\/2022\/03\/katarina-600x533.png 600w\" sizes=\"(max-width: 900px) 100vw, 900px\" \/>\t\t\t\t\t\t\t\t\t\t\t\t\t\t\t<\/div>\n\t\t\t\t<\/div>\n\t\t\t\t\t<\/div>\n\t\t<\/div>\n\t\t\t\t<div class=\"elementor-column elementor-col-33 elementor-inner-column elementor-element elementor-element-1ad1ecd\" data-id=\"1ad1ecd\" data-element_type=\"column\" data-settings=\"{&quot;background_background&quot;:&quot;classic&quot;}\">\n\t\t\t<div class=\"elementor-widget-wrap elementor-element-populated\">\n\t\t\t\t\t\t\t\t<div class=\"elementor-element elementor-element-2c731ae elementor-widget elementor-widget-image\" data-id=\"2c731ae\" data-element_type=\"widget\" data-widget_type=\"image.default\">\n\t\t\t\t<div class=\"elementor-widget-container\">\n\t\t\t\t\t\t\t\t\t\t\t\t\t\t\t<img width=\"900\" height=\"800\" src=\"https:\/\/luisdonyel.com\/viajes\/wp-content\/uploads\/2022\/03\/nicholson.png\" class=\"elementor-animation-grow attachment-full size-full\" alt=\"\" loading=\"lazy\" srcset=\"https:\/\/luisdonyel.com\/viajes\/wp-content\/uploads\/2022\/03\/nicholson.png 900w, https:\/\/luisdonyel.com\/viajes\/wp-content\/uploads\/2022\/03\/nicholson-300x267.png 300w, https:\/\/luisdonyel.com\/viajes\/wp-content\/uploads\/2022\/03\/nicholson-768x683.png 768w, https:\/\/luisdonyel.com\/viajes\/wp-content\/uploads\/2022\/03\/nicholson-600x533.png 600w\" sizes=\"(max-width: 900px) 100vw, 900px\" \/>\t\t\t\t\t\t\t\t\t\t\t\t\t\t\t<\/div>\n\t\t\t\t<\/div>\n\t\t\t\t\t<\/div>\n\t\t<\/div>\n\t\t\t\t<div class=\"elementor-column elementor-col-33 elementor-inner-column elementor-element elementor-element-a06ee52\" data-id=\"a06ee52\" data-element_type=\"column\" data-settings=\"{&quot;background_background&quot;:&quot;classic&quot;}\">\n\t\t\t<div class=\"elementor-widget-wrap elementor-element-populated\">\n\t\t\t\t\t\t\t\t<div class=\"elementor-element elementor-element-b55e267 elementor-widget elementor-widget-image\" data-id=\"b55e267\" data-element_type=\"widget\" data-widget_type=\"image.default\">\n\t\t\t\t<div class=\"elementor-widget-container\">\n\t\t\t\t\t\t\t\t\t\t\t\t\t\t\t<img width=\"900\" height=\"800\" src=\"https:\/\/luisdonyel.com\/viajes\/wp-content\/uploads\/2022\/03\/ritz.png\" class=\"elementor-animation-grow attachment-full size-full\" alt=\"\" loading=\"lazy\" srcset=\"https:\/\/luisdonyel.com\/viajes\/wp-content\/uploads\/2022\/03\/ritz.png 900w, https:\/\/luisdonyel.com\/viajes\/wp-content\/uploads\/2022\/03\/ritz-300x267.png 300w, https:\/\/luisdonyel.com\/viajes\/wp-content\/uploads\/2022\/03\/ritz-768x683.png 768w, https:\/\/luisdonyel.com\/viajes\/wp-content\/uploads\/2022\/03\/ritz-600x533.png 600w\" sizes=\"(max-width: 900px) 100vw, 900px\" \/>\t\t\t\t\t\t\t\t\t\t\t\t\t\t\t<\/div>\n\t\t\t\t<\/div>\n\t\t\t\t\t<\/div>\n\t\t<\/div>\n\t\t\t\t\t\t\t<\/div>\n\t\t<\/section>\n\t\t\t\t<section class=\"elementor-section elementor-inner-section elementor-element elementor-element-2a7c607 elementor-section-boxed elementor-section-height-default elementor-section-height-default\" data-id=\"2a7c607\" data-element_type=\"section\">\n\t\t\t\t\t\t<div class=\"elementor-container elementor-column-gap-default\">\n\t\t\t\t\t<div class=\"elementor-column elementor-col-33 elementor-inner-column elementor-element elementor-element-a02d967\" data-id=\"a02d967\" data-element_type=\"column\" data-settings=\"{&quot;background_background&quot;:&quot;classic&quot;}\">\n\t\t\t<div class=\"elementor-widget-wrap elementor-element-populated\">\n\t\t\t\t\t\t\t\t<div class=\"elementor-element elementor-element-f1dbe3d elementor-widget elementor-widget-image\" data-id=\"f1dbe3d\" data-element_type=\"widget\" data-widget_type=\"image.default\">\n\t\t\t\t<div class=\"elementor-widget-container\">\n\t\t\t\t\t\t\t\t\t\t\t\t\t\t\t<img width=\"900\" height=\"800\" src=\"https:\/\/luisdonyel.com\/viajes\/wp-content\/uploads\/2022\/03\/scenic-1.png\" class=\"elementor-animation-grow attachment-full size-full\" alt=\"\" loading=\"lazy\" srcset=\"https:\/\/luisdonyel.com\/viajes\/wp-content\/uploads\/2022\/03\/scenic-1.png 900w, https:\/\/luisdonyel.com\/viajes\/wp-content\/uploads\/2022\/03\/scenic-1-300x267.png 300w, https:\/\/luisdonyel.com\/viajes\/wp-content\/uploads\/2022\/03\/scenic-1-768x683.png 768w, https:\/\/luisdonyel.com\/viajes\/wp-content\/uploads\/2022\/03\/scenic-1-600x533.png 600w\" sizes=\"(max-width: 900px) 100vw, 900px\" \/>\t\t\t\t\t\t\t\t\t\t\t\t\t\t\t<\/div>\n\t\t\t\t<\/div>\n\t\t\t\t\t<\/div>\n\t\t<\/div>\n\t\t\t\t<div class=\"elementor-column elementor-col-33 elementor-inner-column elementor-element elementor-element-b9cf2dd\" data-id=\"b9cf2dd\" data-element_type=\"column\" data-settings=\"{&quot;background_background&quot;:&quot;classic&quot;}\">\n\t\t\t<div class=\"elementor-widget-wrap elementor-element-populated\">\n\t\t\t\t\t\t\t\t<div class=\"elementor-element elementor-element-333ee8f elementor-widget elementor-widget-image\" data-id=\"333ee8f\" data-element_type=\"widget\" data-widget_type=\"image.default\">\n\t\t\t\t<div class=\"elementor-widget-container\">\n\t\t\t\t\t\t\t\t\t\t\t\t\t\t\t<img width=\"900\" height=\"800\" src=\"https:\/\/luisdonyel.com\/viajes\/wp-content\/uploads\/2022\/03\/seadream.png\" class=\"elementor-animation-grow attachment-full size-full\" alt=\"\" loading=\"lazy\" srcset=\"https:\/\/luisdonyel.com\/viajes\/wp-content\/uploads\/2022\/03\/seadream.png 900w, https:\/\/luisdonyel.com\/viajes\/wp-content\/uploads\/2022\/03\/seadream-300x267.png 300w, https:\/\/luisdonyel.com\/viajes\/wp-content\/uploads\/2022\/03\/seadream-768x683.png 768w, https:\/\/luisdonyel.com\/viajes\/wp-content\/uploads\/2022\/03\/seadream-600x533.png 600w\" sizes=\"(max-width: 900px) 100vw, 900px\" \/>\t\t\t\t\t\t\t\t\t\t\t\t\t\t\t<\/div>\n\t\t\t\t<\/div>\n\t\t\t\t\t<\/div>\n\t\t<\/div>\n\t\t\t\t<div class=\"elementor-column elementor-col-33 elementor-inner-column elementor-element elementor-element-a93c9c4\" data-id=\"a93c9c4\" data-element_type=\"column\" data-settings=\"{&quot;background_background&quot;:&quot;classic&quot;}\">\n\t\t\t<div class=\"elementor-widget-wrap elementor-element-populated\">\n\t\t\t\t\t\t\t\t<div class=\"elementor-element elementor-element-a375d27 elementor-widget elementor-widget-image\" data-id=\"a375d27\" data-element_type=\"widget\" data-widget_type=\"image.default\">\n\t\t\t\t<div class=\"elementor-widget-container\">\n\t\t\t\t\t\t\t\t\t\t\t\t\t\t\t<img width=\"900\" height=\"800\" src=\"https:\/\/luisdonyel.com\/viajes\/wp-content\/uploads\/2022\/03\/star.png\" class=\"elementor-animation-grow attachment-full size-full\" alt=\"\" loading=\"lazy\" srcset=\"https:\/\/luisdonyel.com\/viajes\/wp-content\/uploads\/2022\/03\/star.png 900w, https:\/\/luisdonyel.com\/viajes\/wp-content\/uploads\/2022\/03\/star-300x267.png 300w, https:\/\/luisdonyel.com\/viajes\/wp-content\/uploads\/2022\/03\/star-768x683.png 768w, https:\/\/luisdonyel.com\/viajes\/wp-content\/uploads\/2022\/03\/star-600x533.png 600w\" sizes=\"(max-width: 900px) 100vw, 900px\" \/>\t\t\t\t\t\t\t\t\t\t\t\t\t\t\t<\/div>\n\t\t\t\t<\/div>\n\t\t\t\t\t<\/div>\n\t\t<\/div>\n\t\t\t\t\t\t\t<\/div>\n\t\t<\/section>\n\t\t\t\t<section class=\"elementor-section elementor-inner-section elementor-element elementor-element-6cd4c8c elementor-section-boxed elementor-section-height-default elementor-section-height-default\" data-id=\"6cd4c8c\" data-element_type=\"section\">\n\t\t\t\t\t\t<div class=\"elementor-container elementor-column-gap-default\">\n\t\t\t\t\t<div class=\"elementor-column elementor-col-33 elementor-inner-column elementor-element elementor-element-7c94516\" data-id=\"7c94516\" data-element_type=\"column\" data-settings=\"{&quot;background_background&quot;:&quot;classic&quot;}\">\n\t\t\t<div class=\"elementor-widget-wrap elementor-element-populated\">\n\t\t\t\t\t\t\t\t<div class=\"elementor-element elementor-element-b8a9d15 elementor-widget elementor-widget-image\" data-id=\"b8a9d15\" data-element_type=\"widget\" data-widget_type=\"image.default\">\n\t\t\t\t<div class=\"elementor-widget-container\">\n\t\t\t\t\t\t\t\t\t\t\t\t\t\t\t<img width=\"900\" height=\"800\" src=\"https:\/\/luisdonyel.com\/viajes\/wp-content\/uploads\/2022\/03\/themoornings.png\" class=\"elementor-animation-grow attachment-full size-full\" alt=\"\" loading=\"lazy\" srcset=\"https:\/\/luisdonyel.com\/viajes\/wp-content\/uploads\/2022\/03\/themoornings.png 900w, https:\/\/luisdonyel.com\/viajes\/wp-content\/uploads\/2022\/03\/themoornings-300x267.png 300w, https:\/\/luisdonyel.com\/viajes\/wp-content\/uploads\/2022\/03\/themoornings-768x683.png 768w, https:\/\/luisdonyel.com\/viajes\/wp-content\/uploads\/2022\/03\/themoornings-600x533.png 600w\" sizes=\"(max-width: 900px) 100vw, 900px\" \/>\t\t\t\t\t\t\t\t\t\t\t\t\t\t\t<\/div>\n\t\t\t\t<\/div>\n\t\t\t\t\t<\/div>\n\t\t<\/div>\n\t\t\t\t<div class=\"elementor-column elementor-col-33 elementor-inner-column elementor-element elementor-element-5509752\" data-id=\"5509752\" data-element_type=\"column\" data-settings=\"{&quot;background_background&quot;:&quot;classic&quot;}\">\n\t\t\t<div class=\"elementor-widget-wrap elementor-element-populated\">\n\t\t\t\t\t\t\t\t<div class=\"elementor-element elementor-element-c6a9465 elementor-widget elementor-widget-image\" data-id=\"c6a9465\" data-element_type=\"widget\" data-widget_type=\"image.default\">\n\t\t\t\t<div class=\"elementor-widget-container\">\n\t\t\t\t\t\t\t\t\t\t\t\t\t\t\t<img width=\"900\" height=\"800\" src=\"https:\/\/luisdonyel.com\/viajes\/wp-content\/uploads\/2022\/03\/variety.png\" class=\"elementor-animation-grow attachment-full size-full\" alt=\"\" loading=\"lazy\" srcset=\"https:\/\/luisdonyel.com\/viajes\/wp-content\/uploads\/2022\/03\/variety.png 900w, https:\/\/luisdonyel.com\/viajes\/wp-content\/uploads\/2022\/03\/variety-300x267.png 300w, https:\/\/luisdonyel.com\/viajes\/wp-content\/uploads\/2022\/03\/variety-768x683.png 768w, https:\/\/luisdonyel.com\/viajes\/wp-content\/uploads\/2022\/03\/variety-600x533.png 600w\" sizes=\"(max-width: 900px) 100vw, 900px\" \/>\t\t\t\t\t\t\t\t\t\t\t\t\t\t\t<\/div>\n\t\t\t\t<\/div>\n\t\t\t\t\t<\/div>\n\t\t<\/div>\n\t\t\t\t<div class=\"elementor-column elementor-col-33 elementor-inner-column elementor-element elementor-element-0c1b111\" data-id=\"0c1b111\" data-element_type=\"column\" data-settings=\"{&quot;background_background&quot;:&quot;classic&quot;}\">\n\t\t\t<div class=\"elementor-widget-wrap elementor-element-populated\">\n\t\t\t\t\t\t\t\t<div class=\"elementor-element elementor-element-07f38cd elementor-widget elementor-widget-image\" data-id=\"07f38cd\" data-element_type=\"widget\" data-widget_type=\"image.default\">\n\t\t\t\t<div class=\"elementor-widget-container\">\n\t\t\t\t\t\t\t\t\t\t\t\t\t\t\t<img width=\"900\" height=\"800\" src=\"https:\/\/luisdonyel.com\/viajes\/wp-content\/uploads\/2022\/03\/windstar.png\" class=\"elementor-animation-grow attachment-full size-full\" alt=\"\" loading=\"lazy\" srcset=\"https:\/\/luisdonyel.com\/viajes\/wp-content\/uploads\/2022\/03\/windstar.png 900w, https:\/\/luisdonyel.com\/viajes\/wp-content\/uploads\/2022\/03\/windstar-300x267.png 300w, https:\/\/luisdonyel.com\/viajes\/wp-content\/uploads\/2022\/03\/windstar-768x683.png 768w, https:\/\/luisdonyel.com\/viajes\/wp-content\/uploads\/2022\/03\/windstar-600x533.png 600w\" sizes=\"(max-width: 900px) 100vw, 900px\" \/>\t\t\t\t\t\t\t\t\t\t\t\t\t\t\t<\/div>\n\t\t\t\t<\/div>\n\t\t\t\t\t<\/div>\n\t\t<\/div>\n\t\t\t\t\t\t\t<\/div>\n\t\t<\/section>\n\t\t\t\t\t<\/div>\n\t\t<\/div>\n\t\t\t\t\t\t\t<\/div>\n\t\t<\/section>\n\t\t\t\t\t\t<\/div>\n\t\t\t\t\t<\/div>\n\t\t","protected":false},"excerpt":{"rendered":"<p>Cruceros Yates y Veleros Los pasajeros podr\u00e1n disfrutar de un ambiente relajado con una tripulaci\u00f3n amigable, sin una agenda r\u00edgida ni un c\u00f3digo de vestimenta formal. Comida internacional recomendado para los amantes de los deportes acu\u00e1ticos.<\/p>\n","protected":false},"author":2,"featured_media":0,"parent":0,"menu_order":0,"comment_status":"closed","ping_status":"closed","template":"","meta":{"om_disable_all_campaigns":false,"_monsterinsights_skip_tracking":false,"_monsterinsights_sitenote_active":false,"_monsterinsights_sitenote_note":"","_monsterinsights_sitenote_category":0},"_links":{"self":[{"href":"https:\/\/luisdonyel.com\/viajes\/wp-json\/wp\/v2\/pages\/7874"}],"collection":[{"href":"https:\/\/luisdonyel.com\/viajes\/wp-json\/wp\/v2\/pages"}],"about":[{"href":"https:\/\/luisdonyel.com\/viajes\/wp-json\/wp\/v2\/types\/page"}],"author":[{"embeddable":true,"href":"https:\/\/luisdonyel.com\/viajes\/wp-json\/wp\/v2\/users\/2"}],"replies":[{"embeddable":true,"href":"https:\/\/luisdonyel.com\/viajes\/wp-json\/wp\/v2\/comments?post=7874"}],"version-history":[{"count":7,"href":"https:\/\/luisdonyel.com\/viajes\/wp-json\/wp\/v2\/pages\/7874\/revisions"}],"predecessor-version":[{"id":7896,"href":"https:\/\/luisdonyel.com\/viajes\/wp-json\/wp\/v2\/pages\/7874\/revisions\/7896"}],"wp:attachment":[{"href":"https:\/\/luisdonyel.com\/viajes\/wp-json\/wp\/v2\/media?parent=7874"}],"curies":[{"name":"wp","href":"https:\/\/api.w.org\/{rel}","templated":true}]}}